s of t(0)?
1381
Suppose 5*y = 0, 9*u - 12*u - y + 45 = 0. Suppose n - 1148 = -r, 4*n - 12*r + u*r = 4588. What are the prime factors of n?
2, 11, 13
Let u(p) = 38*p**2 + 37*p + 369. List the prime factors of u(-9).
2, 3, 173
Let h(w) = -850*w + 8162. List the prime factors of h(8).
2, 3, 227
Suppose 29*v - 7*v = 0. Suppose k + 4*j = 3*j + 626, 3*k - 5*j - 1862 = v. What are the prime factors of k?
2, 3, 13
Suppose 0 = 102*n + 87273 - 2282211. What are the prime factors of n?
3, 797
Let c = 9670 + -5874. What are the prime factors of c?
2, 13, 73
Let n(t) = 0*t - 2*t + 9 - 11*t + 7*t. What are the prime factors of n(-13)?
3, 29
Suppose 21*d - 3*j - 43021 = 16*d, 6*d - 51648 = -4*j. What are the prime factors of d?
2, 13, 331
Suppose 53*g - 50*g = -258. Let k = g + 101. What are the prime factors of k?
3, 5
Let z(q) = -1240*q - 3479. What are the prime factors of z(-25)?
13, 29, 73
Let q(a) = -30*a**3 + 24*a**2 - 31*a - 7. Let x be q(5). Let n = x - -4883. What are the prime factors of n?
1571
Let c(a) = -a**3 - 7*a**2 - 11*a + 3. Let t be c(-11). Suppose -14*y + t = -6*y. List the prime factors of y - -3 - (8 - 6).
7, 11
Suppose -43*h + 1682139 = -383369 - 126718. What are the prime factors of h?
2, 3, 29, 293
What are the prime factors of (1058688/320)/((-5)/(-25))?
2, 3, 919
Let s(c) = c**3 + 13*c**2 - 14*c. Let w be s(-14). Suppose 9*r - 4*r - 1425 = w. List the prime factors of r.
3, 5, 19
Let l(v) = 186*v + 84 + 39*v - 43. What are the prime factors of l(3)?
2, 179
Suppose 0 = -z - a + 8546, 2*z + 3*a = 1266 + 15820. What are the prime factors of z?
2, 1069
Suppose -8*r = 9*r - 77724. What are the prime factors of r?
2, 3, 127
Let r be -1 + 0 + 2 + 0 + 477. Suppose 3*j - 5*y = r, -2*j + y + 643 = 2*j. Suppose a + 22 = j. List the prime factors of a.
139
Let q be (5625/(-21))/(-3) - (-10)/(-35). Let f(l) = 160*l - q*l - 10 - 92*l. List the prime factors of f(-3).
53
Let t be -2*12/8 - -155. Suppose -d + 506 = 5*a, -3*a - 3*d + t = -154. Let q = a - 55. List the prime factors of q.
2, 23
Let m = -3 - -72. Let t = -64 + m. Suppose 0 = -t*x + 101 + 164. List the prime factors of x.
53
Let q = -99 - -169. Suppose 0 = m - 4*n - 20, 8*m + 5*n + 25 = 11*m. Suppose -2*a + m*a = -q. What are the prime factors of a?
5, 7
Let w = -106 - -118. Let x = 51 + w. What are the prime factors of x?
3, 7
Suppose -175*g - 210*g + 14104860 = 0. List the prime factors of g.
2, 3, 43, 71
Let y = -179 + 294. Suppose 3*r - 2 - y = 0. Let l = 18 + r. What are the prime factors of l?
3, 19
Let q be 5 - (-102 + 0/5). Suppose 4*z - 121 = q. List the prime factors of z.
3, 19
Let y = -30598 + 42997. List the prime factors of y.
3, 4133
Let i be -2 - 14/(-2) - -3. Suppose -2*w - w + i*w = 0. Suppose 10*g - 252 - 498 = w. What are the prime factors of g?
3, 5
Suppose 77517 = 36282*u - 36292*u + 350567. List the prime factors of u.
5, 43, 127
Let h(t) = 21*t - 314. Let r(y) = -6*y + 56. Let v be r(3). What are the prime factors of h(v)?
2, 11
Let u(n) = -4*n**2 - 490*n + 773. What are the prime factors of u(-114)?
4649
Let w(i) = i**3 + 9*i**2 + 16*i - 6. Let y be w(-4). Suppose 0 = -c + 143 + y. What are the prime factors of c?
3, 17
What are the prime factors of (51/1 + -15)*2228/6?
2, 3, 557
Suppose -s + 0 = -5, 4*s + 5 = -g. Let m = 30 + g. Suppose -3*i + m*u = -92, 2 = i + 5*u - 62. What are the prime factors of i?
3, 13
Let g be 1/(((-12)/(-30))/((-4)/(-5))). Suppose 0 = -t + 4*t - 12, 3*n - 5*t = -g. List the prime factors of (-1 + 148)*n/9.
2, 7
Let g = -3801 + 5492. What are the prime factors of g?
19, 89
Let p be (-9)/(-2) + 15/6. Suppose 0 = -30*n + p*n + 15111. What are the prime factors of n?
3, 73
Let h(y) be the second derivative of 7*y**4/12 + y**3/6 + 3*y**2/2 + 208*y. Let v = 10 - 7. List the prime factors of h(v).
3, 23
Suppose -33*f + 24*f + 585 = 0. List the prime factors of 26*(f/10 + -1) + 0.
11, 13
Let y(f) = -44*f**2 - 6*f + 15. Let b(p) = -88*p**2 - 11*p + 28. Let l(x) = -4*b(x) + 7*y(x). List the prime factors of l(-4).
13, 53
Suppose -5*q - 41 = 19. Let r be 5/(4/146*(-6)/q). Suppose -6*d + d = 5*h - r, d = 5*h + 97. What are the prime factors of d?
7, 11
Suppose 0 = 16*i - 13*i - 7425. Suppose 2*v + 0*v - d = i, d = 4*v - 4945. Suppose -t = -6*t + v. What are the prime factors of t?
13, 19
Let l(r) = -r**3 + 3*r**2 - 8*r - 18. Let f be l(-8). Let j = 1206 - f. What are the prime factors of j?
2, 3, 19
Suppose 4*x - 2*h = 0, 4*h + 4 - 18 = x. Suppose x*c - 2*a - 1596 = 0, 0 = -3*c - a - 219 + 2629. List the prime factors of c.
2, 401
Suppose -p - 4*t = -11413, -5*t = -p + 15504 - 4118. What are the prime factors of p?
13, 877
Suppose 0 = -2*c - 2*r + 8 + 10, -5*c + r + 45 = 0. Let w(n) = n**3 - 8*n**2 - 2*n - 3. List the prime factors of w(c).
2, 3, 5
Suppose 0 = -60*n + 65*n - 5625. Let j = n + -527. What are the prime factors of j?
2, 13, 23
Let m be 73976/10 - 54/(-135). Suppose 8*o = -10*o + m. List the prime factors of o.
3, 137
Let l be (-1 + -1)/(-8 - 258/(-33)). Let q(c) = 33*c + 57. List the prime factors of q(l).
2, 3, 5, 7
Suppose 0 = -6*l + 5*h + 273071, -2*h = 3*l + 2*h - 136568. List the prime factors of l.
2, 3, 3793
Let b(j) = j**2 - 3. Let v be b(2). Suppose y - v = -3*a - 5, y - 3*a = -16. What are the prime factors of (2 + (-174)/5)*y/4?
2, 41
Let m be (12/(-8) - 26718/(-12))*1. Suppose -b - 161 = -u + 294, 5*b = -5*u + m. List the prime factors of u.
2, 3, 5
Let x(l) = 21*l**3 + 7*l**2 - 7*l + 2. Let m(p) = 21*p**3 + 6*p**2 - 5*p + 1. Let v(a) = 5*m(a) - 4*x(a). What are the prime factors of v(3)?
3, 197
Let o(w) = 107*w**3 + 5*w**2 + 4*w - 9. Let u = -466 - -468. List the prime factors of o(u).
5, 7
Suppose 34050 = 2*f - 4*u, -2*f + 14939 = 5*u - 19138. What are the prime factors of f?
3, 7, 811
Let h(n) be the first derivative of 37*n**2/2 + 31*n - 19. List the prime factors of h(8).
3, 109
Let t be (-1 - -3)*(95 + 1504). List the prime factors of 320/96*t/10.
2, 13, 41
Suppose 309*d - 310*d + 3*q = -33913, -5*d = 4*q - 169603. List the prime factors of d.
107, 317
Let t(r) = -10*r**2 + 6*r + r**3 + 12 - 4 + 31*r**2 - 14*r**2. Let c be t(-4). What are the prime factors of (c/3)/(12/90)?
2, 5
Suppose 0 = -s + 170 + 126. Suppose 5*v = 759 + s. What are the prime factors of v?
211
Let x = -572 + 308. Let s be (-17)/(-3) + (-11)/(x/32). Suppose -s*o + 212 = -5*o. List the prime factors of o.
2, 53
Let x = -468 + 231. Let f = -137 - x. What are the prime factors of f?
2, 5
Let v be 1 + (-18)/14 - 4812/(-84). Suppose -2*w + 0 - 4 = 0, 3*q - 3*w = v. Suppose q*b - 22*b = -405. What are the prime factors of b?
3
Let v(h) = h**2 + 6*h - 38. Suppose 0 = 3*m + 3*m - 12. Suppose 8*d - 4*d + 5*q = -32, m*d = q - 30. What are the prime factors of v(d)?
53
Let d(s) = 2*s**2 + 9*s + 33. Let f be d(-22). What are the prime factors of f - (2 - (2 + 3)/5)?
2, 401
Suppose -5*q + 60 = 7*j - 2*j, 0 = 2*j + q - 20. Let u(c) = 7*c**2 + 47. What are the prime factors of u(j)?
3, 5, 11
Let v(y) = 2*y**2 + 2*y - 35. Let g be v(4). Suppose -2*k = 3*c - 2279, -g*c - 4*k = k - 3790. What are the prime factors of c?
7, 109
Let l be 48/(-18) - -4 - (-5710)/6. Suppose 0 = -2*v + 5*s + l, 3*s - 12 = -s. What are the prime factors of v?
2, 11
Let s = -22641 + 77966. List the prime factors of s.
5, 2213
Let a(j) be the first derivative of -16*j**2 - 20*j + 52. List the prime factors of a(-5).
2, 5, 7
Suppose -2*p = -7*p + 60. Let q be 89/7 + p/42. What are the prime factors of 2 + q/((-39)/(-72))?
2, 13
Let a(k) = -5*k + 55. Let j be a(12). List the prime factors of (-4)/j + (-42)/(-35) - -571.
3, 191
What are the prime factors of ((-195)/10 - -2)*4336/(-20)?
2, 7, 271
Let q be (1307 - 0) + 12/(-4). Suppose -15*n + q = -1981. List the prime factors of n.
3, 73
Suppose 0 = 212*d + 467050 - 1198026. What are the prime factors of d?
2, 431
Let s(n) = -n**3 + 5*n**2 + 8*n - 39. Let v be s(5). Suppose 4*f = 2*p + 2614, 0 - v = p. What are the prime factors of f?
653
Let r = 20 + -23. Let t be (7/(-3))/((-1)/(-3)) - r. List the prime factors of 0 - (t/(-2) - 102).
2, 5
Let l = 1324 + -505. Suppose l = 2*a + 3*k, -730 = -5*a - 2*k + 1301. What are the prime factors of (a/4 - 4) + 1/(-4)?
97
Let h(s) = 4393*s**3 - 2*s**2 + 3*s - 4. List the prime factors of h(1).